{"id":1113,"date":"2018-05-02T12:10:44","date_gmt":"2018-05-02T10:10:44","guid":{"rendered":"http:\/\/photo.jose-marcio.org\/gallery\/?page_id=1113"},"modified":"2018-05-06T21:04:53","modified_gmt":"2018-05-06T19:04:53","slug":"achat-de-tirages","status":"publish","type":"page","link":"https:\/\/photo.jose-marcio.org\/gallery\/index.php\/achat-de-tirages\/","title":{"rendered":"Achat de tirages"},"content":{"rendered":"<h2>Comment acheter<\/h2>\n<p>La majorit\u00e9 des photos pr\u00e9sent\u00e9s sur ces galeries peuvent \u00eatre achet\u00e9es, sous la forme de tirages numerot\u00e9es et sign\u00e9es.<\/p>\n<p>Le tirage se fait \u00e0 la demande avec choix de type de papier et taille dans un laboratoire professionnel.<\/p>\n<p>Pour plus d&rsquo;informations et pour commander, \u00e9crire \u00e0 contact@jose-marcio.org<\/p>\n<h2>How to buy<\/h2>\n<p>Most of the photos presented here can be bought.<\/p>\n","protected":false},"excerpt":{"rendered":"<p>Comment acheter La majorit\u00e9 des photos pr\u00e9sent\u00e9s sur ces galeries peuvent \u00eatre achet\u00e9es, sous la forme de tirages numerot\u00e9es et<\/p>\n","protected":false},"author":1,"featured_media":0,"parent":0,"menu_order":0,"comment_status":"closed","ping_status":"closed","template":"","meta":{"footnotes":""},"class_list":["post-1113","page","type-page","status-publish","hentry","comments-off"],"post_mailing_queue_ids":[],"_links":{"self":[{"href":"https:\/\/photo.jose-marcio.org\/gallery\/index.php\/wp-json\/wp\/v2\/pages\/1113","targetHints":{"allow":["GET"]}}],"collection":[{"href":"https:\/\/photo.jose-marcio.org\/gallery\/index.php\/wp-json\/wp\/v2\/pages"}],"about":[{"href":"https:\/\/photo.jose-marcio.org\/gallery\/index.php\/wp-json\/wp\/v2\/types\/page"}],"author":[{"embeddable":true,"href":"https:\/\/photo.jose-marcio.org\/gallery\/index.php\/wp-json\/wp\/v2\/users\/1"}],"replies":[{"embeddable":true,"href":"https:\/\/photo.jose-marcio.org\/gallery\/index.php\/wp-json\/wp\/v2\/comments?post=1113"}],"version-history":[{"count":0,"href":"https:\/\/photo.jose-marcio.org\/gallery\/index.php\/wp-json\/wp\/v2\/pages\/1113\/revisions"}],"wp:attachment":[{"href":"https:\/\/photo.jose-marcio.org\/gallery\/index.php\/wp-json\/wp\/v2\/media?parent=1113"}],"curies":[{"name":"wp","href":"https:\/\/api.w.org\/{rel}","templated":true}]}}